{"id":39679,"date":"2025-01-01T19:06:00","date_gmt":"2025-01-01T19:06:00","guid":{"rendered":"https:\/\/dev.cenb.org.br\/?post_type=events&#038;p=39679"},"modified":"2025-08-04T19:24:30","modified_gmt":"2025-08-04T19:24:30","slug":"20250201","status":"publish","type":"events","link":"https:\/\/cenb.org.br\/pt\/events\/20250201\/","title":{"rendered":"Exposi\u00e7\u00e3o Comemorativa dos 110 Anos da Funda\u00e7\u00e3o da Antiga Escola Prim\u00e1ria Taish\u00f4"},"content":{"rendered":"<div class=\"wp-block-stackable-image stk-block-image stk-block stk-65c0512\" data-block-id=\"65c0512\"><figure><span class=\"stk-img-wrapper stk-image--shape-stretch\"><img loading=\"lazy\" decoding=\"async\" class=\"stk-img wp-image-39680\" src=\"https:\/\/cenb.org.br\/wp-content\/uploads\/2025\/08\/kyouikushi.jpg\" width=\"1811\" height=\"2560\" srcset=\"https:\/\/cenb.org.br\/wp-content\/uploads\/2025\/08\/kyouikushi.jpg 1811w, https:\/\/cenb.org.br\/wp-content\/uploads\/2025\/08\/kyouikushi-212x300.jpg 212w, https:\/\/cenb.org.br\/wp-content\/uploads\/2025\/08\/kyouikushi-724x1024.jpg 724w, https:\/\/cenb.org.br\/wp-content\/uploads\/2025\/08\/kyouikushi-768x1086.jpg 768w, https:\/\/cenb.org.br\/wp-content\/uploads\/2025\/08\/kyouikushi-1087x1536.jpg 1087w, https:\/\/cenb.org.br\/wp-content\/uploads\/2025\/08\/kyouikushi-1449x2048.jpg 1449w, https:\/\/cenb.org.br\/wp-content\/uploads\/2025\/08\/kyouikushi-8x12.jpg 8w, https:\/\/cenb.org.br\/wp-content\/uploads\/2025\/08\/kyouikushi-205x290.jpg 205w, https:\/\/cenb.org.br\/wp-content\/uploads\/2025\/08\/kyouikushi-480x679.jpg 480w\" sizes=\"auto, (max-width: 1811px) 100vw, 1811px\" \/><\/span><\/figure><\/div>","protected":false},"featured_media":39680,"template":"","event-type":[1028],"class_list":["post-39679","events","type-events","status-publish","has-post-thumbnail","hentry","event-type-1028"],"blocksy_meta":[],"acf":[],"_links":{"self":[{"href":"https:\/\/cenb.org.br\/pt\/wp-json\/wp\/v2\/events\/39679","targetHints":{"allow":["GET"]}}],"collection":[{"href":"https:\/\/cenb.org.br\/pt\/wp-json\/wp\/v2\/events"}],"about":[{"href":"https:\/\/cenb.org.br\/pt\/wp-json\/wp\/v2\/types\/events"}],"wp:featuredmedia":[{"embeddable":true,"href":"https:\/\/cenb.org.br\/pt\/wp-json\/wp\/v2\/media\/39680"}],"wp:attachment":[{"href":"https:\/\/cenb.org.br\/pt\/wp-json\/wp\/v2\/media?parent=39679"}],"wp:term":[{"taxonomy":"event-type","embeddable":true,"href":"https:\/\/cenb.org.br\/pt\/wp-json\/wp\/v2\/event-type?post=39679"}],"curies":[{"name":"wp","href":"https:\/\/api.w.org\/{rel}","templated":true}]}}

Exposição Comemorativa dos 110 Anos da Fundação da Antiga Escola Primária Taishô
