{"id":41262,"date":"2013-03-13T20:25:00","date_gmt":"2013-03-13T20:25:00","guid":{"rendered":"https:\/\/dev.cenb.org.br\/?post_type=historical-figures&#038;p=41262"},"modified":"2025-10-21T21:34:04","modified_gmt":"2025-10-21T21:34:04","slug":"taishi-takezawa","status":"publish","type":"historical-figures","link":"https:\/\/cenb.org.br\/pt\/historical-figures\/taishi-takezawa\/","title":{"rendered":"\u7af9\u6fa4\u592a\u4e00 Taichi Takezawa"},"content":{"rendered":"<p class=\"has-text-align-right\">ter\u00e7a-feira, 26 de mar\u00e7o de 2013<\/p>\n\n\n\n<figure class=\"wp-block-image aligncenter size-full is-resized\"><img loading=\"lazy\" decoding=\"async\" width=\"190\" height=\"279\" src=\"https:\/\/cenb.org.br\/wp-content\/uploads\/2025\/04\/takezawa_taichi.jpg\" alt=\"\" class=\"wp-image-21182\" style=\"width:219px;height:auto\" srcset=\"https:\/\/cenb.org.br\/wp-content\/uploads\/2025\/04\/takezawa_taichi.jpg 190w, https:\/\/cenb.org.br\/wp-content\/uploads\/2025\/04\/takezawa_taichi-8x12.jpg 8w\" sizes=\"auto, (max-width: 190px) 100vw, 190px\" \/><\/figure>\n\n\n\n<p>Taichi Takezawa nasceu em 7 de mar\u00e7o do 4\u00ba ano da Era Meiji (1871), em Nagasa-machi (antiga vila de Oyama), no distrito de Awa, prov\u00edncia de Chiba. Ap\u00f3s concluir o ensino prim\u00e1rio na Escola Gakush\u016bin, em T\u00f3quio, ingressou em uma escola privada de l\u00edngua inglesa (Eigakujuku) para aprimorar o idioma. Posteriormente, mudou-se para os Estados Unidos, onde realizou seus estudos superiores em uma universidade americana.\n\nAo concluir sua jornada acad\u00eamica nos Estados Unidos, seguiu para o M\u00e9xico, percorrendo o pa\u00eds durante um ano. Ap\u00f3s retornar ao Jap\u00e3o, dedicou-se ainda ao estudo da l\u00edngua francesa na Escola de L\u00ednguas Estrangeiras de T\u00f3quio.<br><br>A partir de 1900 (33\u00ba ano da Era Meiji), quando foi enviado como representante da Associa\u00e7\u00e3o Japonesa de Expositores para a Exposi\u00e7\u00e3o Internacional em Paris, Takezawa passou a ser designado consecutivamente como enviado especial da mesma associa\u00e7\u00e3o em diversas Exposi\u00e7\u00f5es Universais, incluindo as realizadas nos Estados Unidos (S\u00e3o Francisco e Seattle, por duas vezes), B\u00e9lgica e Reino Unido.\n\nTamb\u00e9m viajou a Taiwan em miss\u00e3o para a Exposi\u00e7\u00e3o de Coloniza\u00e7\u00e3o (Takushoku Hakurankai) e era frequentemente requisitado para organizar exposi\u00e7\u00f5es em diversas partes do Jap\u00e3o. Por tudo isso, tornou-se uma figura c\u00e9lebre e um verdadeiro veterano em assuntos relacionados a grandes exposi\u00e7\u00f5es internacionais.<br><br>Em 1922 (11\u00ba ano de Taish\u014d), ele veio ao Brasil para atuar como diretor administrativo do Pavilh\u00e3o do Jap\u00e3o na A Exposi\u00e7\u00e3o Internacional do Centen\u00e1rio da Independ\u00eancia do Brasil. Ap\u00f3s retornar ao Jap\u00e3o no ano seguinte, 1923 (12\u00ba ano de Taish\u014d), lan\u00e7ou-se como candidato nas elei\u00e7\u00f5es gerais para a C\u00e2mara dos Deputados e foi eleito parlamentar.<br><br>Em 1927 (2\u00ba ano de Sh\u014dwa), ele ingressou na Companhia Ultramarina de Coloniza\u00e7\u00e3o e foi nomeado diretor da filial no Brasil, assumindo o posto em S\u00e3o Paulo.<br>\u3000<br>Sua miss\u00e3o em S\u00e3o Paulo foi, em ess\u00eancia, a de organizar as finan\u00e7as da empresa, que haviam sido comprometidas pelas pol\u00edticas negligentes de seu antecessor. Ap\u00f3s alguns anos de servi\u00e7o em S\u00e3o Paulo e seu retorno ao Jap\u00e3o, ele se desligou da Companhia Ultramarina de Coloniza\u00e7\u00e3o. Em 1931 (6\u00ba ano de Sh\u014dwa), candidatou-se novamente e foi reeleito parlamentar.<br>\u3000<br>urante esse per\u00edodo, ele tamb\u00e9m exerceu cargos em conselhos de administra\u00e7\u00e3o de diversas empresas, tais como o Banco Awa, Meiji Seika (confeitaria), B\u014ds\u014d Renny\u016b (leite condensado), Nihon Gyogy\u014d (pesca), Tateyama Tekk\u014dsho (fundi\u00e7\u00e3o) e Awa Shuz\u014d (produ\u00e7\u00e3o de saqu\u00ea).<br><br>Em reconhecimento aos seus m\u00e9ritos e \u00e0 sua colabora\u00e7\u00e3o na A Exposi\u00e7\u00e3o Internacional do Centen\u00e1rio da Independ\u00eancia do Brasil, ele foi condecorado pelo governo brasileiro com a Ordem de Leopoldo, no grau de Cavaleiro (Chevalier).<br><br>No final de 1936 (1\u00ba ano de Sh\u014dwa), ele sofreu um derrame cerebral. Por esse motivo, no ano seguinte (1937), retirou-se de todos os seus empreendimentos e retornou \u00e0 sua terra natal para se dedicar tranquilamente ao tratamento e \u00e0 recupera\u00e7\u00e3o. Contudo, em 20 de mar\u00e7o de 1945 (20\u00ba ano de Sh\u014dwa), a doen\u00e7a reincidiu e ele veio a falecer.\n\nInfelizmente, seu herdeiro, Heita, tamb\u00e9m faleceu devido a uma doen\u00e7a em 1957 (32\u00ba ano de Sh\u014dwa). Atualmente, a vi\u00fava do Sr. Taichi vive seus \u00faltimos anos na cidade de Tateyama, na prov\u00edncia de Chiba.<\/p>\n\n\n\n<p><\/p>","protected":false},"featured_media":21182,"template":"","special_columns":[978],"class_list":["post-41262","historical-figures","type-historical-figures","status-publish","has-post-thumbnail","hentry","special_columns-pioneers"],"blocksy_meta":[],"acf":[],"_links":{"self":[{"href":"https:\/\/cenb.org.br\/pt\/wp-json\/wp\/v2\/historical-figures\/41262","targetHints":{"allow":["GET"]}}],"collection":[{"href":"https:\/\/cenb.org.br\/pt\/wp-json\/wp\/v2\/historical-figures"}],"about":[{"href":"https:\/\/cenb.org.br\/pt\/wp-json\/wp\/v2\/types\/historical-figures"}],"wp:featuredmedia":[{"embeddable":true,"href":"https:\/\/cenb.org.br\/pt\/wp-json\/wp\/v2\/media\/21182"}],"wp:attachment":[{"href":"https:\/\/cenb.org.br\/pt\/wp-json\/wp\/v2\/media?parent=41262"}],"wp:term":[{"taxonomy":"special_columns","embeddable":true,"href":"https:\/\/cenb.org.br\/pt\/wp-json\/wp\/v2\/special_columns?post=41262"}],"curies":[{"name":"wp","href":"https:\/\/api.w.org\/{rel}","templated":true}]}}

竹澤太一 Taichi Takezawa

<p class="has-text-align-right">terça-feira, 26 de março de 2013</p>



<figure class="wp-block-image aligncenter size-full is-resized"><img loading="lazy" decoding="async" width="190" height="279" src="https://cenb.org.br/wp-content/uploads/2025/04/takezawa_taichi.jpg" alt="" class="wp-image-21182" style="width:219px;height:auto" srcset="https://cenb.org.br/wp-content/uploads/2025/04/takezawa_taichi.jpg 190w, https://cenb.org.br/wp-content/uploads/2025/04/takezawa_taichi-8x12.jpg 8w" sizes="auto, (max-width: 190px) 100vw, 190px" /></figure>



<p>Taichi Takezawa nasceu em 7 de março do 4º ano da Era Meiji (1871), em Nagasa-machi (antiga vila de Oyama), no distrito de Awa, província de Chiba. Após concluir o ensino primário na Escola Gakushūin, em Tóquio, ingressou em uma escola privada de língua inglesa (Eigakujuku) para aprimorar o idioma. Posteriormente, mudou-se para os Estados Unidos, onde realizou seus estudos superiores em uma universidade americana.

Ao concluir sua jornada acadêmica nos Estados Unidos, seguiu para o México, percorrendo o país durante um ano. Após retornar ao Japão, dedicou-se ainda ao estudo da língua francesa na Escola de Línguas Estrangeiras de Tóquio.<br><br>A partir de 1900 (33º ano da Era Meiji), quando foi enviado como representante da Associação Japonesa de Expositores para a Exposição Internacional em Paris, Takezawa passou a ser designado consecutivamente como enviado especial da mesma associação em diversas Exposições Universais, incluindo as realizadas nos Estados Unidos (São Francisco e Seattle, por duas vezes), Bélgica e Reino Unido.

Também viajou a Taiwan em missão para a Exposição de Colonização (Takushoku Hakurankai) e era frequentemente requisitado para organizar exposições em diversas partes do Japão. Por tudo isso, tornou-se uma figura célebre e um verdadeiro veterano em assuntos relacionados a grandes exposições internacionais.<br><br>Em 1922 (11º ano de Taishō), ele veio ao Brasil para atuar como diretor administrativo do Pavilhão do Japão na A Exposição Internacional do Centenário da Independência do Brasil. Após retornar ao Japão no ano seguinte, 1923 (12º ano de Taishō), lançou-se como candidato nas eleições gerais para a Câmara dos Deputados e foi eleito parlamentar.<br><br>Em 1927 (2º ano de Shōwa), ele ingressou na Companhia Ultramarina de Colonização e foi nomeado diretor da filial no Brasil, assumindo o posto em São Paulo.<br>　<br>Sua missão em São Paulo foi, em essência, a de organizar as finanças da empresa, que haviam sido comprometidas pelas políticas negligentes de seu antecessor. Após alguns anos de serviço em São Paulo e seu retorno ao Japão, ele se desligou da Companhia Ultramarina de Colonização. Em 1931 (6º ano de Shōwa), candidatou-se novamente e foi reeleito parlamentar.<br>　<br>urante esse período, ele também exerceu cargos em conselhos de administração de diversas empresas, tais como o Banco Awa, Meiji Seika (confeitaria), Bōsō Rennyū (leite condensado), Nihon Gyogyō (pesca), Tateyama Tekkōsho (fundição) e Awa Shuzō (produção de saquê).<br><br>Em reconhecimento aos seus méritos e à sua colaboração na A Exposição Internacional do Centenário da Independência do Brasil, ele foi condecorado pelo governo brasileiro com a Ordem de Leopoldo, no grau de Cavaleiro (Chevalier).<br><br>No final de 1936 (1º ano de Shōwa), ele sofreu um derrame cerebral. Por esse motivo, no ano seguinte (1937), retirou-se de todos os seus empreendimentos e retornou à sua terra natal para se dedicar tranquilamente ao tratamento e à recuperação. Contudo, em 20 de março de 1945 (20º ano de Shōwa), a doença reincidiu e ele veio a falecer.

Infelizmente, seu herdeiro, Heita, também faleceu devido a uma doença em 1957 (32º ano de Shōwa). Atualmente, a viúva do Sr. Taichi vive seus últimos anos na cidade de Tateyama, na província de Chiba.</p>



<p></p>
